CRAN Package Check Results for Package mediation

Last updated on 2025-04-17 12:49:27 CEST.

Flavor Version Tinstall Tcheck Ttotal Status Flags
r-devel-linux-x86_64-debian-clang 4.5.0 23.73 257.61 281.34 NOTE
r-devel-linux-x86_64-debian-gcc 4.5.0 16.24 172.69 188.93 NOTE
r-devel-linux-x86_64-fedora-clang 4.5.0 447.91 OK
r-devel-linux-x86_64-fedora-gcc 4.5.0 468.70 OK
r-devel-windows-x86_64 4.5.0 22.00 328.00 350.00 NOTE
r-patched-linux-x86_64 4.5.0 21.26 245.32 266.58 NOTE
r-release-linux-x86_64 4.5.0 22.26 245.77 268.03 NOTE
r-release-macos-arm64 4.5.0 129.00 OK
r-release-macos-x86_64 4.5.0 315.00 OK
r-release-windows-x86_64 4.5.0 22.00 334.00 356.00 NOTE
r-oldrel-macos-arm64 4.5.0 126.00 OK
r-oldrel-macos-x86_64 4.5.0 213.00 OK
r-oldrel-windows-x86_64 4.5.0 31.00 396.00 427.00 OK

Check Details

Version: 4.5.0
Check: Rd cross-references
Result: NOTE Found the following Rd file(s) with Rd \link{} targets missing package anchors: mediate.Rd: survreg, Surv, mgcv, s Please provide package anchors for all Rd \link{} targets not in the package itself and the base packages. Flavors: r-devel-linux-x86_64-debian-clang, r-devel-linux-x86_64-debian-gcc, r-devel-windows-x86_64, r-patched-linux-x86_64, r-release-linux-x86_64, r-release-windows-x86_64