Last updated on 2025-04-17 00:49:53 CEST.
Flavor | Version | Tinstall | Tcheck | Ttotal | Status | Flags |
---|---|---|---|---|---|---|
r-devel-linux-x86_64-debian-clang | 0.6.2 | 30.14 | 298.10 | 328.24 | OK | |
r-devel-linux-x86_64-debian-gcc | 0.6.2 | 23.03 | 191.55 | 214.58 | OK | |
r-devel-linux-x86_64-fedora-clang | 0.6.2 | 517.08 | OK | |||
r-devel-linux-x86_64-fedora-gcc | 0.6.2 | 521.44 | OK | |||
r-devel-windows-x86_64 | 0.6.2 | 32.00 | 250.00 | 282.00 | WARN | |
r-patched-linux-x86_64 | 0.6.2 | 31.86 | 276.14 | 308.00 | OK | |
r-release-linux-x86_64 | 0.6.2 | 31.05 | 277.75 | 308.80 | OK | |
r-release-macos-arm64 | 0.6.2 | 116.00 | OK | |||
r-release-macos-x86_64 | 0.6.2 | 285.00 | OK | |||
r-release-windows-x86_64 | 0.6.2 | 34.00 | 253.00 | 287.00 | NOTE | |
r-oldrel-macos-arm64 | 0.6.2 | 105.00 | OK | |||
r-oldrel-macos-x86_64 | 0.6.2 | 238.00 | OK | |||
r-oldrel-windows-x86_64 | 0.6.2 | 46.00 | 344.00 | 390.00 | OK |
Version: 0.6.2
Check: S3 generic/method consistency
Result: WARN
(process:202388): GLib-GIO-CRITICAL **: 12:14:40.188: g_wcsdup: assertion 'str != NULL' failed
See section 'Generic functions and methods' in the 'Writing R
Extensions' manual.
Flavor: r-devel-windows-x86_64
Version: 0.6.2
Check: foreign function calls
Result: NOTE
(process:139980): GLib-GIO-CRITICAL **: 17:05:22.370: g_wcsdup: assertion 'str != NULL' failed
See chapter 'System and foreign language interfaces' in the 'Writing R
Extensions' manual.
Flavor: r-release-windows-x86_64