CRAN Package Check Results for Package jScore

Last updated on 2025-07-03 02:51:01 CEST.

Flavor Version Tinstall Tcheck Ttotal Status Flags
r-devel-linux-x86_64-debian-clang 0.1.0 1.51 22.27 23.78 NOTE
r-devel-linux-x86_64-debian-gcc 0.1.0 1.17 18.91 20.08 NOTE
r-devel-linux-x86_64-fedora-clang 0.1.0 38.36 OK
r-devel-linux-x86_64-fedora-gcc 0.1.0 47.63 OK
r-devel-windows-x86_64 0.1.0 2.00 50.00 52.00 OK
r-patched-linux-x86_64 0.1.0 1.55 21.33 22.88 OK
r-release-linux-x86_64 0.1.0 1.57 21.48 23.05 OK
r-release-macos-arm64 0.1.0 24.00 OK
r-release-macos-x86_64 0.1.0 47.00 OK
r-release-windows-x86_64 0.1.0 4.00 49.00 53.00 OK
r-oldrel-macos-arm64 0.1.0 24.00 OK
r-oldrel-macos-x86_64 0.1.0 33.00 OK
r-oldrel-windows-x86_64 0.1.0 4.00 52.00 56.00 OK

Check Details

Version: 0.1.0
Check: CRAN incoming feasibility
Result: NOTE Maintainer: ‘Navid Ahmadinejad <navidfr@asu.edu>’ The Description field contains <arXiv:2109.01306>. Please refer to arXiv e-prints via their arXiv DOI <doi:10.48550/arXiv.YYMM.NNNNN>. Flavors: r-devel-linux-x86_64-debian-clang, r-devel-linux-x86_64-debian-gcc