CRAN Package Check Results for Package guess

Last updated on 2025-07-04 04:55:29 CEST.

Flavor Version Tinstall Tcheck Ttotal Status Flags
r-devel-linux-x86_64-debian-clang 0.1 5.90 51.33 57.23 NOTE
r-devel-linux-x86_64-debian-gcc 0.1 4.94 37.39 42.33 NOTE
r-devel-linux-x86_64-fedora-clang 0.1 84.95 OK
r-devel-linux-x86_64-fedora-gcc 0.1 105.39 OK
r-devel-windows-x86_64 0.1 6.00 66.00 72.00 OK
r-patched-linux-x86_64 0.1 5.91 46.98 52.89 OK
r-release-linux-x86_64 0.1 5.46 46.94 52.40 OK
r-release-macos-arm64 0.1 32.00 OK
r-release-macos-x86_64 0.1 60.00 OK
r-release-windows-x86_64 0.1 8.00 67.00 75.00 OK
r-oldrel-macos-arm64 0.1 31.00 OK
r-oldrel-macos-x86_64 0.1 46.00 OK
r-oldrel-windows-x86_64 0.1 10.00 122.00 132.00 OK

Check Details

Version: 0.1
Check: CRAN incoming feasibility
Result: NOTE Maintainer: ‘Gaurav Sood <gsood07@gmail.com>’ Package CITATION file contains call(s) to old-style personList() or as.personList(). Please use c() on person objects instead. Package CITATION file contains call(s) to old-style citEntry(). Please use bibentry() instead. Flavors: r-devel-linux-x86_64-debian-clang, r-devel-linux-x86_64-debian-gcc