Last updated on 2025-07-02 22:50:42 CEST.
Flavor | Version | Tinstall | Tcheck | Ttotal | Status | Flags |
---|---|---|---|---|---|---|
r-devel-linux-x86_64-debian-clang | 1.2.4 | 14.67 | 212.33 | 227.00 | NOTE | |
r-devel-linux-x86_64-debian-gcc | 1.2.4 | 11.02 | 147.06 | 158.08 | NOTE | |
r-devel-linux-x86_64-fedora-clang | 1.2.4 | 353.48 | OK | |||
r-devel-linux-x86_64-fedora-gcc | 1.2.4 | 380.03 | OK | |||
r-devel-windows-x86_64 | 1.2.4 | 16.00 | 209.00 | 225.00 | OK | |
r-patched-linux-x86_64 | 1.2.4 | 15.52 | 195.36 | 210.88 | OK | |
r-release-linux-x86_64 | 1.2.4 | 13.16 | 197.65 | 210.81 | OK | |
r-release-macos-arm64 | 1.2.4 | 107.00 | OK | |||
r-release-macos-x86_64 | 1.2.4 | 214.00 | OK | |||
r-release-windows-x86_64 | 1.2.4 | 17.00 | 203.00 | 220.00 | OK | |
r-oldrel-macos-arm64 | 1.2.4 | 100.00 | OK | |||
r-oldrel-macos-x86_64 | 1.2.4 | 150.00 | OK | |||
r-oldrel-windows-x86_64 | 1.2.4 | 22.00 | 270.00 | 292.00 | OK |
Version: 1.2.4
Check: DESCRIPTION meta-information
Result: NOTE
Author field differs from that derived from Authors@R
Author: ‘Robrecht Cannoodt [aut, cre] (<https://orcid.org/0000-0003-3641-729X>, rcannood), Wouter Saelens [aut] (<https://orcid.org/0000-0002-7114-6248>, zouter)’
Authors@R: ‘Robrecht Cannoodt [aut, cre] (ORCID: <https://orcid.org/0000-0003-3641-729X>, github: rcannood), Wouter Saelens [aut] (ORCID: <https://orcid.org/0000-0002-7114-6248>, github: zouter)’
Flavors: r-devel-linux-x86_64-debian-clang, r-devel-linux-x86_64-debian-gcc