CRAN Package Check Results for Package assert

Last updated on 2025-07-04 10:50:43 CEST.

Flavor Version Tinstall Tcheck Ttotal Status Flags
r-devel-linux-x86_64-debian-clang 1.0.1 1.55 16.32 17.87 OK
r-devel-linux-x86_64-debian-gcc 1.0.1 1.33 13.77 15.10 OK
r-devel-linux-x86_64-fedora-clang 1.0.1 27.66 OK
r-devel-linux-x86_64-fedora-gcc 1.0.1 26.42 OK
r-devel-windows-x86_64 1.0.1 3.00 36.00 39.00 OK
r-patched-linux-x86_64 1.0.1 1.46 15.36 16.82 OK
r-release-linux-x86_64 1.0.1 1.36 15.30 16.66 OK
r-release-macos-arm64 1.0.1 15.00 OK
r-release-macos-x86_64 1.0.1 22.00 OK
r-release-windows-x86_64 1.0.1 3.00 38.00 41.00 OK
r-oldrel-macos-arm64 1.0.1 18.00 NOTE
r-oldrel-macos-x86_64 1.0.1 18.00 NOTE
r-oldrel-windows-x86_64 1.0.1 3.00 34.00 37.00 NOTE

Check Details

Version: 1.0.1
Check: LazyData
Result: NOTE 'LazyData' is specified without a 'data' directory Flavors: r-oldrel-macos-arm64, r-oldrel-macos-x86_64, r-oldrel-windows-x86_64