CRAN Package Check Results for Package SimHaz

Last updated on 2025-04-17 12:49:34 CEST.

Flavor Version Tinstall Tcheck Ttotal Status Flags
r-devel-linux-x86_64-debian-clang 0.1 6.34 55.53 61.87 NOTE
r-devel-linux-x86_64-debian-gcc 0.1 4.85 41.21 46.06 NOTE
r-devel-linux-x86_64-fedora-clang 0.1 96.55 NOTE
r-devel-linux-x86_64-fedora-gcc 0.1 95.95 NOTE
r-devel-windows-x86_64 0.1 7.00 69.00 76.00 OK
r-patched-linux-x86_64 0.1 6.72 54.33 61.05 NOTE
r-release-linux-x86_64 0.1 5.19 53.33 58.52 NOTE
r-release-macos-arm64 0.1 36.00 OK
r-release-macos-x86_64 0.1 54.00 OK
r-release-windows-x86_64 0.1 7.00 72.00 79.00 OK
r-oldrel-macos-arm64 0.1 31.00 OK
r-oldrel-macos-x86_64 0.1 48.00 OK
r-oldrel-windows-x86_64 0.1 10.00 83.00 93.00 OK

Check Details

Version: 0.1
Check: for non-standard things in the check directory
Result: NOTE Found the following files/directories: ‘database.csv’ ‘output.csv’ ‘output_clst.csv’ Flavors: r-devel-linux-x86_64-debian-clang, r-devel-linux-x86_64-debian-gcc, r-devel-linux-x86_64-fedora-clang, r-devel-linux-x86_64-fedora-gcc, r-patched-linux-x86_64, r-release-linux-x86_64