CRAN Package Check Results for Package QuantPsyc

Last updated on 2025-07-04 04:55:36 CEST.

Flavor Version Tinstall Tcheck Ttotal Status Flags
r-devel-linux-x86_64-debian-clang 1.6 5.01 39.51 44.52 NOTE
r-devel-linux-x86_64-debian-gcc 1.6 3.33 29.11 32.44 NOTE
r-devel-linux-x86_64-fedora-clang 1.6 65.69 OK
r-devel-linux-x86_64-fedora-gcc 1.6 64.85 OK
r-devel-windows-x86_64 1.6 6.00 58.00 64.00 OK
r-patched-linux-x86_64 1.6 4.45 36.02 40.47 OK
r-release-linux-x86_64 1.6 4.30 35.96 40.26 OK
r-release-macos-arm64 1.6 23.00 OK
r-release-macos-x86_64 1.6 40.00 OK
r-release-windows-x86_64 1.6 6.00 59.00 65.00 OK
r-oldrel-macos-arm64 1.6 22.00 OK
r-oldrel-macos-x86_64 1.6 34.00 OK
r-oldrel-windows-x86_64 1.6 8.00 70.00 78.00 OK

Check Details

Version: 1.6
Check: CRAN incoming feasibility
Result: NOTE Maintainer: ‘Thomas D. Fletcher <t.d.fletcher05@gmail.com>’ No Authors@R field in DESCRIPTION. Please add one, modifying Authors@R: person(given = c("Thomas", "D."), family = "Fletcher", role = c("aut", "cre"), email = "t.d.fletcher05@gmail.com") as necessary. Flavors: r-devel-linux-x86_64-debian-clang, r-devel-linux-x86_64-debian-gcc