CRAN Package Check Results for Package MG1StationaryProbability

Last updated on 2025-07-04 04:55:32 CEST.

Flavor Version Tinstall Tcheck Ttotal Status Flags
r-devel-linux-x86_64-debian-clang 0.1.2 2.88 28.77 31.65 NOTE
r-devel-linux-x86_64-debian-gcc 0.1.2 1.91 22.82 24.73 NOTE
r-devel-linux-x86_64-fedora-clang 0.1.2 49.07 OK
r-devel-linux-x86_64-fedora-gcc 0.1.2 46.73 OK
r-devel-windows-x86_64 0.1.2 4.00 50.00 54.00 OK
r-patched-linux-x86_64 0.1.2 3.21 27.29 30.50 OK
r-release-linux-x86_64 0.1.2 2.82 27.29 30.11 OK
r-release-macos-arm64 0.1.2 20.00 OK
r-release-macos-x86_64 0.1.2 33.00 OK
r-release-windows-x86_64 0.1.2 4.00 53.00 57.00 OK
r-oldrel-macos-arm64 0.1.2 19.00 OK
r-oldrel-macos-x86_64 0.1.2 27.00 OK
r-oldrel-windows-x86_64 0.1.2 5.00 58.00 63.00 OK

Check Details

Version: 0.1.2
Check: CRAN incoming feasibility
Result: NOTE Maintainer: ‘Olga Zoldaka <zoldaka@gmail.com>’ The Description field contains <https://link.springer.com/chapter/10.1007/978-3-030-92507-9_13>. The Please use permanent DOI markup for linking to publications as in <doi:prefix/suffix>. Flavors: r-devel-linux-x86_64-debian-clang, r-devel-linux-x86_64-debian-gcc