CRAN Package Check Results for Package ISEtools

Last updated on 2025-07-04 02:51:51 CEST.

Flavor Version Tinstall Tcheck Ttotal Status Flags
r-devel-linux-x86_64-debian-clang 3.2.0 3.51 31.85 35.36 NOTE
r-devel-linux-x86_64-debian-gcc 3.2.0 2.38 24.53 26.91 NOTE
r-devel-linux-x86_64-fedora-clang 3.2.0 55.68 NOTE
r-devel-linux-x86_64-fedora-gcc 3.2.0 62.69 NOTE
r-devel-windows-x86_64 3.2.0 4.00 52.00 56.00 NOTE
r-patched-linux-x86_64 3.2.0 3.80 30.19 33.99 NOTE
r-release-linux-x86_64 3.2.0 3.29 30.07 33.36 NOTE
r-release-macos-arm64 3.2.0 26.00 NOTE
r-release-macos-x86_64 3.2.0 48.00 NOTE
r-release-windows-x86_64 3.2.0 5.00 55.00 60.00 NOTE
r-oldrel-macos-arm64 3.2.0 25.00 NOTE
r-oldrel-macos-x86_64 3.2.0 38.00 NOTE
r-oldrel-windows-x86_64 3.2.0 6.00 58.00 64.00 NOTE

Additional issues

noSuggests

Check Details

Version: 3.2.0
Check: CRAN incoming feasibility
Result: NOTE Maintainer: ‘Peter Dillingham <peter.dillingham@otago.ac.nz>’ Package CITATION file contains call(s) to old-style personList() or as.personList(). Please use c() on person objects instead. Package CITATION file contains call(s) to old-style citEntry(). Please use bibentry() instead. Flavors: r-devel-linux-x86_64-debian-clang, r-devel-linux-x86_64-debian-gcc

Version: 3.2.0
Check: Rd files
Result: NOTE checkRd: (-1) analyseISE.Rd:66: Lost braces; missing escapes or markup? 66 | False positive rate used for detection threshold (not output) to calculate LOD(alpha, beta) {only returned if SN = NA} | ^ checkRd: (-1) analyseISE.Rd:69: Lost braces; missing escapes or markup? 69 | False negative rate used to calculate LOD(alpha, beta) {only returned if SN = NA} | ^ checkRd: (-1) describeISE.Rd:71: Lost braces; missing escapes or markup? 71 | False positive rate used for detection threshold (not output) to calculate LOD(alpha, beta) {only returned if SN = NA} | ^ checkRd: (-1) describeISE.Rd:74: Lost braces; missing escapes or markup? 74 | False negative rate used to calculate LOD(alpha, beta) {only returned if SN = NA} | ^ Flavors: r-devel-linux-x86_64-debian-clang, r-devel-linux-x86_64-debian-gcc, r-devel-linux-x86_64-fedora-clang, r-devel-linux-x86_64-fedora-gcc, r-devel-windows-x86_64, r-patched-linux-x86_64, r-release-linux-x86_64, r-release-macos-arm64, r-release-macos-x86_64, r-release-windows-x86_64, r-oldrel-macos-arm64, r-oldrel-macos-x86_64, r-oldrel-windows-x86_64