Last updated on 2025-07-03 00:50:53 CEST.
Flavor | Version | Tinstall | Tcheck | Ttotal | Status | Flags |
---|---|---|---|---|---|---|
r-devel-linux-x86_64-debian-clang | 0.5.1 | 51.02 | 72.82 | 123.84 | OK | |
r-devel-linux-x86_64-debian-gcc | 0.5.1 | 38.42 | 52.47 | 90.89 | OK | |
r-devel-linux-x86_64-fedora-clang | 0.5.1 | 196.62 | OK | |||
r-devel-linux-x86_64-fedora-gcc | 0.5.1 | 194.73 | OK | |||
r-devel-windows-x86_64 | 0.5.1 | 59.00 | 120.00 | 179.00 | OK | |
r-patched-linux-x86_64 | 0.5.1 | 58.51 | 58.46 | 116.97 | OK | |
r-release-linux-x86_64 | 0.5.1 | 55.90 | 64.84 | 120.74 | OK | |
r-release-macos-arm64 | 0.5.1 | 53.00 | OK | |||
r-release-macos-x86_64 | 0.5.1 | 98.00 | OK | |||
r-release-windows-x86_64 | 0.5.1 | 62.00 | 116.00 | 178.00 | OK | |
r-oldrel-macos-arm64 | 0.5.1 | 51.00 | NOTE | |||
r-oldrel-macos-x86_64 | 0.5.1 | 132.00 | NOTE | |||
r-oldrel-windows-x86_64 | 0.5.1 | 63.00 | 127.00 | 190.00 | OK |
Version: 0.5.1
Check: installed package size
Result: NOTE
installed size is 8.0Mb
sub-directories of 1Mb or more:
data 1.4Mb
libs 6.3Mb
Flavors: r-oldrel-macos-arm64, r-oldrel-macos-x86_64