Last updated on 2025-04-17 12:49:22 CEST.
Flavor | Version | Tinstall | Tcheck | Ttotal | Status | Flags |
---|---|---|---|---|---|---|
r-devel-linux-x86_64-debian-clang | 1.3 | 14.00 | 38.18 | 52.18 | OK | |
r-devel-linux-x86_64-debian-gcc | 1.3 | 12.19 | 29.12 | 41.31 | OK | |
r-devel-linux-x86_64-fedora-clang | 1.3 | 93.95 | OK | |||
r-devel-linux-x86_64-fedora-gcc | 1.3 | 93.33 | OK | |||
r-devel-windows-x86_64 | 1.3 | 17.00 | 77.00 | 94.00 | OK | |
r-patched-linux-x86_64 | 1.3 | 16.05 | 37.13 | 53.18 | OK | |
r-release-linux-x86_64 | 1.3 | 15.52 | 36.77 | 52.29 | OK | |
r-release-macos-arm64 | 1.3 | 38.00 | OK | |||
r-release-macos-x86_64 | 1.3 | 50.00 | OK | |||
r-release-windows-x86_64 | 1.3 | 19.00 | 76.00 | 95.00 | OK | |
r-oldrel-macos-arm64 | 1.3 | 32.00 | NOTE | |||
r-oldrel-macos-x86_64 | 1.3 | 43.00 | NOTE | |||
r-oldrel-windows-x86_64 | 1.3 | 18.00 | 90.00 | 108.00 | NOTE |
Version: 1.3
Check: installed package size
Result: NOTE
installed size is 5.2Mb
sub-directories of 1Mb or more:
data 3.9Mb
libs 1.1Mb
Flavors: r-oldrel-macos-arm64, r-oldrel-macos-x86_64, r-oldrel-windows-x86_64