CRAN Package Check Results for Package AzureStor

Last updated on 2025-07-04 10:50:43 CEST.

Flavor Version Tinstall Tcheck Ttotal Status Flags
r-devel-linux-x86_64-debian-clang 3.7.0 5.62 45.41 51.03 NOTE
r-devel-linux-x86_64-debian-gcc 3.7.0 4.18 34.13 38.31 NOTE
r-devel-linux-x86_64-fedora-clang 3.7.0 78.36 NOTE
r-devel-linux-x86_64-fedora-gcc 3.7.0 90.48 NOTE
r-devel-windows-x86_64 3.7.0 8.00 71.00 79.00 NOTE
r-patched-linux-x86_64 3.7.0 6.34 41.81 48.15 NOTE
r-release-linux-x86_64 3.7.0 5.27 41.05 46.32 NOTE
r-release-macos-arm64 3.7.0 33.00 OK
r-release-macos-x86_64 3.7.0 86.00 OK
r-release-windows-x86_64 3.7.0 9.00 70.00 79.00 NOTE
r-oldrel-macos-arm64 3.7.0 34.00 OK
r-oldrel-macos-x86_64 3.7.0 59.00 OK
r-oldrel-windows-x86_64 3.7.0 10.00 81.00 91.00 OK

Check Details

Version: 3.7.0
Check: Rd cross-references
Result: NOTE Found the following Rd file(s) with Rd \link{} targets missing package anchors: az_storage.Rd: az_resource_group Please provide package anchors for all Rd \link{} targets not in the package itself and the base packages. Flavors: r-devel-linux-x86_64-debian-clang, r-devel-linux-x86_64-debian-gcc, r-devel-windows-x86_64, r-patched-linux-x86_64, r-release-linux-x86_64, r-release-windows-x86_64

Version: 3.7.0
Check: dependencies in R code
Result: NOTE Namespace in Imports field not imported from: ‘R6’ All declared Imports should be used. Flavors: r-devel-linux-x86_64-fedora-clang, r-devel-linux-x86_64-fedora-gcc